19 = 16. Let d = 46 + s. What is the greatest common divisor of d and 15?
15
Let z(x) = 5*x - 5. Let v be z(6). Suppose 30*y = v*y + 5. Calculate the greatest common factor of y and 4.
1
Let q = 541 - 226. Calculate the highest common factor of 45 and q.
45
Suppose -530*s = -526*s - n - 49, -n = -3*s + 38. Calculate the highest common factor of s and 2893.
11
Let w(c) = 8*c - 4. Let n be w(8). Let b be ((19 - 31) + 13)/(2/24). What is the greatest common factor of b and n?
12
Suppose -l = -2*s + 2*l - 33, 4*l = 2*s + 32. Let h = s - -23. Let y(c) = 5*c**2 - 7*c. Let o be y(h). What is the greatest common factor of 10 and o?
10
Let q(j) = -j**3 + 6*j**2 + 8*j - 2. Let z be q(7). Let k(f) = 9*f - 7 + 3 + 4*f**2 - 4 - z*f**2. Let a be k(7). What is the highest common divisor of a and 48?
6
Suppose -5*m + 19*m = 686. Let g = m - 48. Calculate the highest common divisor of g and 11.
1
Let y = -8083 - -11571. What is the greatest common factor of y and 32?
32
Suppose 13*x + x - 98 = 0. Suppose 12 = x*d + 5. What is the greatest common factor of 1 and d?
1
Let t(q) be the second derivative of q**5/20 + 2*q**4/3 + 5*q**3/6 - 5*q**2/2 - 19*q. Let m be t(-7). Calculate the greatest common divisor of 15 and m.
3
Let d = 26 - -1. Let j(o) = -2*o**3 + 11*o**2 + 4*o + 15. Let v be j(6). Calculate the highest common factor of d and v.
3
Let u be 185/17 - (-38)/323. What is the greatest common divisor of u and 3663?
11
Let u be ((-20)/3)/(4/(-108)). What is the highest common factor of 24 and u?
12
Let x be (-6)/(-192)*8*20. What is the highest common divisor of x and 115?
5
Let k(m) = -m**2 + 16*m - 11. Let x be k(15). Let a(v) = 3*v**2 + 2*v - 8. Let y be a(x). What is the highest common factor of 36 and y?
12
Let s be (225/(-6))/((-4955)/(-710) - 7). Calculate the highest common factor of 71 and s.
71
Let a(l) = 75*l + 231. Let m be a(-3). Calculate the highest common factor of m and 64.
2
Let z(r) = -r**2 + 5*r + 426. Let v be z(23). What is the highest common divisor of 69 and v?
3
Let l(b) = -b**2 + 16*b - 34. Let d be l(8). Calculate the greatest common factor of 5 and d.
5
Let d(n) = 5*n + 4. Let s be d(4). Suppose 14*x = 4*x + 30. Let j be 182/x + (-10)/15. What is the highest common factor of j and s?
12
Suppose -4*k - 5*a + 193 = -2*a, 5*a = 2*k - 103. Calculate the highest common divisor of k and 14.
7
Let k be 10764/104 - (-2)/4. What is the highest common factor of 39 and k?
13
Suppose h = 450 - 399. Calculate the greatest common factor of 12 and h.
3
Let q(o) = -13*o - 80. Let v be q(-7). Calculate the greatest common divisor of 473 and v.
11
Suppose -12*h = -9*h - 90. Suppose -319 = -4*j - 19. Calculate the greatest common divisor of j and h.
15
Suppose -q + 29 + 69 = i, 4 = -4*i. Let o = -19721 - -19732. Calculate the greatest common factor of q and o.
11
Suppose -4*i - 27 = -171. Let f = i - 16. What is the greatest common factor of 30 and f?
10
Let f = -391 - -191. Let c be (6/(-5))/(1*5/f). What is the highest common factor of 6 and c?
6
Let u = -292 - -316. Let l = 155 - 83. What is the greatest common factor of l and u?
24
Suppose -3*n = 5*j - 32, -12 = 2*j + 3*n - 8*n. Suppose -183 - 418 = -140*s + 519. Calculate the highest common divisor of s and j.
4
Let q be ((-3)/2)/(9/(-162)). Suppose 3*f - 2*u + u = 11, f - 5*u = q. Let b be (-14)/(-18) - 2/(-9). What is the greatest common factor of f and b?
1
Let d = 307 + 53. Let n(l) = 14*l + 3. Let t be n(3). Calculate the greatest common factor of d and t.
45
Let w = -3 - -6. Suppose -3*m = 2*f + w*f - 2, -4*m - 3 = f. What is the highest common factor of 10 and f?
1
Let i be (145*6)/((-28)/(-14)). Calculate the highest common factor of i and 290.
145
Let v(d) = -4*d. Let j be v(-10). Calculate the greatest common factor of 8 and j.
8
Suppose -2*x - 40 = -n, -4*n = -x + n - 38. Let a be x/15*(-20)/3. Calculate the highest common factor of 96 and a.
8
Let z(w) = -w**2 + 8*w - 10. Let s = 19 - 36. Let q = s + 21. Let x be z(q). What is the greatest common factor of 48 and x?
6
Let y(m) = m**2 - 7*m + 21. Suppose -6*o = -8*o + 12. Let z be y(o). Calculate the greatest common divisor of z and 105.
15
Suppose 273*u = 276*u - 96. Calculate the greatest common divisor of 32 and u.
32
Let i = 94 - 90. Let v be (7/(-4) + 5)*i. Calculate the highest common factor of v and 143.
13
Suppose u + 3*u - 20 = 0, -5*c - 4*u + 145 = 0. Suppose 5*v - v = 20. What is the greatest common divisor of c and v?
5
Let s(t) = t**2 - 6*t + 5. Let m be s(8). Suppose -g = 1 - m. What is the greatest common divisor of g and 5?
5
Suppose 2*k = 6, -13 = -5*n + 3*k + 18. Let w = 24 + -27. Let h be w + ((-89)/(-1) - (1 + -3)). Calculate the highest common factor of h and n.
8
Let b be 8/(4/(-180)*-6). Let x(r) = r**3 - 4*r**2 - 27. Let c be x(6). Calculate the highest common divisor of b and c.
15
Suppose 7 = -3*a - 11. Let l be (9/a)/(3/(-8)). Suppose -l*i = -11*i + 84. What is the highest common factor of 36 and i?
12
Let k be (-20351)/(-705) - (-2)/15. Let z = -220 + 539. Calculate the highest common factor of k and z.
29
Let u be 3/9*5 - (-2)/6. What is the greatest common divisor of u and 64?
2
Suppose -5 = -2*f + 3*p, 2*f - 4*p + 50 = 5*f. Let s be (-2 - 0) + (20 - f). Calculate the highest common divisor of 4 and s.
4
Suppose 3*y = 5*v + 19, 0 = 5*y + 5*v + 16 - 61. What is the greatest common factor of y and 76?
4
Let k(z) = -z + 5. Let g be k(5). Suppose g*c = 2*c - 660. Let v = 3 - -27. Calculate the greatest common factor of v and c.
30
Suppose -64 = -9*v - 1. What is the greatest common divisor of 1 and v?
1
Let k = -10 - -16. Let a = -113 - -137. What is the highest common factor of k and a?
6
Let c(g) = 15*g**2 + 1. Let y be c(1). Let u = 17 + -23. Let h be u/(-16)*4*y. What is the greatest common divisor of 3 and h?
3
Let l be (-33)/(-55)*20/2. Suppose -l*x + 4*x + 22 = 0. Calculate the highest common factor of x and 88.
11
Let d = 42 - 68. Let b be d/(-6) + 16/24. Suppose 2*r = 4*q + 44, -29 = -r - b*q - 0. Calculate the highest common factor of 144 and r.
24
Suppose 14*m + 735 = 21*m. Suppose -4*f + 46 - 130 = -4*t, -5*t = -3*f - m. Calculate the greatest common factor of t and 105.
21
Let b(k) = -k**2 + 55*k - 66. Let n be b(13). Calculate the highest common factor of 128 and n.
32
Let m = -717 + 258. Let i = 709 + m. What is the highest common factor of 10 and i?
10
Let b be (4*15/(-6))/(1/(-5)). Calculate the greatest common divisor of b and 20.
10
Let h(p) = -2*p**3 + p**2 + 2*p - 3. Let t be h(-2). Calculate the highest common divisor of 221 and t.
13
Let q(r) = -r**2 - 18*r + 6*r + 13*r + 6*r**3 - r**2. Let d be q(2). What is the greatest common factor of d and 28?
14
Suppose 0 = 3*f + 5*s - 293, -6*s - 166 = -2*f - 2*s. Suppose -1 = 2*c - f. Calculate the highest common divisor of c and 45.
45
Suppose 0*t = -4*t - 3*y + 6, 5*y - 5 = -5*t. Suppose -5*h + t*h + 46 = 0. Let z be (-92)/(-8)*(-48)/(-2 + -4). Calculate the highest common factor of z and h.
23
Suppose -i - 3*i = -4. Let o be i/(-3) + 1128/36. Calculate the highest common divisor of o and 31.
31
Let c be (-1000)/(-28) + (-6)/(-21). Suppose -4*d + 2*d + 12 = 0. Calculate the greatest common divisor of c and d.
6
Let y be (83 + -73)/(2/41). What is the greatest common divisor of y and 5?
5
Let n be (3 + -1)*(-10)/(-5). Suppose 2*p - 24 = n. Calculate the greatest common divisor of 98 and p.
14
Let n(d) = 12*d**2 + 11*d - 47. Let y be n(-6). Let s be (29/2)/(2/4). Calculate the greatest common factor of y and s.
29
Let v = -557 - -379. Let s = v - -266. What is the highest common factor of s and 11?
11
Let u be 6/(-4)*(-20)/3. Let n = -5 + u. Suppose -z = -4*d + 77, -2*d + 65 = 3*d + n*z. What is the highest common factor of d and 12?
6
Let h = -19 - -15. Let u be (-4 - (-7 - h)) + 20. Suppose 2*i - 19 = i + 5*f, i - f - u = 0. What is the highest common factor of i and 76?
19
Let a(p) = -p**3 + 13*p**2 + 17*p - 33. Let c be a(14). What is the greatest common divisor of c and 108?
9
Let b = -10 - -25. Let g = b + -17. Let t be ((-8)/12)/(g/48). Calculate the greatest common factor of t and 2.
2
Let d be (-2)/3 - 604/(-6). Calculate the greatest common divisor of d and 325.
25
Suppose 0 = 3*r - 9 - 21. Calculate the greatest common divisor of